{"id":237,"date":"2011-02-20T22:18:04","date_gmt":"2011-02-20T22:18:04","guid":{"rendered":"http:\/\/www.dimali.at\/wordpress\/?page_id=237"},"modified":"2023-05-30T21:55:23","modified_gmt":"2023-05-30T21:55:23","slug":"aktuelles","status":"publish","type":"page","link":"https:\/\/www.dimali.at\/?page_id=237","title":{"rendered":"Aktuelles"},"content":{"rendered":"\n<h2>\n\t\tNews\n\t<\/h2>\n\t<ul>\n<li><a href=\"https:\/\/www.kabarettarchiv.at\/Marion-Dimali-GkW\" target=\"_blank\" rel=\"noopener\">Artikel im \u00d6sterreichischen Kabarettarchiv zum Thema &#8222;Arbeiten mit Kabarettisten und Kabarettistinnen&#8220;<\/a><\/li>\n<li>derzeit Arbeit an einem Buchprojekt &#8211; n\u00e4here Infos folgen<\/li>\n<\/ul>\n<h2>\n\t\tDerzeit in der Regie von Marion Dimali zu sehen:\n\t<\/h2>\n\t<p>&nbsp;<\/p>\n<ul>\n<li>Nadja Maleh &#8222;Bussi Bussi&#8220; <a href=\"https:\/\/nadjamaleh.com\/terminplan\/#filter=.categoryid16\" target=\"_blank\" rel=\"noopener\"><strong>Termine<\/strong><\/a><\/li>\n<li>Miriam Hie &#8222;Who is Hie&#8220;<\/li>\n<li>Christoph F\u00e4lbl \u201eF\u00e4lbl\u00b4s Melange&#8220; <a href=\"https:\/\/www.grassmugg.com\/termine.html?kuenstler=248&amp;programm=&amp;land=-&amp;bundesland=-\" target=\"_blank\" rel=\"noopener\"><strong>Termine<\/strong><\/a><\/li>\n<li>Rosabell &#8222;Wenn\u00b4s passt, dann passt\u00b4s&#8220; <a href=\"https:\/\/www.grassmugg.com\/termine.html?kuenstler=419\" target=\"_blank\" rel=\"noopener\"><strong>Termine<\/strong><\/a><\/li>\n<li>Andreas Ferner &#8222;Chill amal, Fessor&#8220; \u00a0und &#8222;Stundenwiederholung&#8220;\u00a0<strong><a href=\"https:\/\/www.andreasferner.at\/livetermine\/\" target=\"_blank\" rel=\"noopener noreferrer\">Termine<\/a><\/strong><\/li>\n<\/ul>\n\n<iframe src=\"http:\/\/www.facebook.com\/plugins\/like.php?href=https%3A%2F%2Fwww.dimali.at%2F%3Fpage_id%3D237&amp;layout=standard&amp;show_faces=true&amp;width=450&amp;action=like&amp;colorscheme=light&amp;height=80\" scrolling=\"no\" frameborder=\"0\" style=\"border:none; overflow:hidden; width:450px; height:80px;\" allowTransparency=\"true\"><\/iframe>","protected":false},"excerpt":{"rendered":"<p>News Artikel im \u00d6sterreichischen Kabarettarchiv zum Thema &#8222;Arbeiten mit Kabarettisten und Kabarettistinnen&#8220; derzeit Arbeit an einem Buchprojekt &#8211; n\u00e4here Infos folgen Derzeit in der Regie von Marion Dimali zu sehen: &nbsp; Nadja Maleh &#8222;Bussi Bussi&#8220; Termine Miriam Hie &#8222;Who is &hellip; <a href=\"https:\/\/www.dimali.at\/?page_id=237\">Weiterlesen <span class=\"meta-nav\">&rarr;<\/span><\/a><\/p>\n","protected":false},"author":1,"featured_media":0,"parent":0,"menu_order":0,"comment_status":"closed","ping_status":"closed","template":"","meta":{"ngg_post_thumbnail":0,"footnotes":""},"yoast_head":"<!-- This site is optimized with the Yoast SEO plugin v23.5 - https:\/\/yoast.com\/wordpress\/plugins\/seo\/ -->\n<title>Aktuelles - Marion Dimali<\/title>\n<meta name=\"description\" content=\"Folgende Produktionen unter der Regie von Marion Dimali sind derzeit live zu erleben.\" \/>\n<meta name=\"robots\" content=\"index, follow, max-snippet:-1, max-image-preview:large, max-video-preview:-1\" \/>\n<link rel=\"canonical\" href=\"https:\/\/www.dimali.at\/?page_id=237\" \/>\n<meta property=\"og:locale\" content=\"de_DE\" \/>\n<meta property=\"og:type\" content=\"article\" \/>\n<meta property=\"og:title\" content=\"Marion Dimali - Regisseurin\" \/>\n<meta property=\"og:description\" content=\"Marion Dimali ist eine der gefragtesten Regisseurinnen \u00d6sterreichs f\u00fcr Kabarett und Comedy. Dar\u00fcber hinaus arbeitet sie auch immer wieder im Bereich Musiktheater - von Musical, \u00fcber Operette bis hin zur Oper.\" \/>\n<meta property=\"og:url\" content=\"https:\/\/www.dimali.at\/?page_id=237\" \/>\n<meta property=\"og:site_name\" content=\"Marion Dimali\" \/>\n<meta property=\"article:modified_time\" content=\"2023-05-30T21:55:23+00:00\" \/>\n<meta property=\"og:image\" content=\"https:\/\/www.dimali.at\/wp-content\/uploads\/2011\/02\/Marion1aklein1.jpg\" \/>\n\t<meta property=\"og:image:width\" content=\"702\" \/>\n\t<meta property=\"og:image:height\" content=\"468\" \/>\n\t<meta property=\"og:image:type\" content=\"image\/jpeg\" \/>\n<meta name=\"twitter:card\" content=\"summary_large_image\" \/>\n<meta name=\"twitter:label1\" content=\"Gesch\u00e4tzte Lesezeit\" \/>\n\t<meta name=\"twitter:data1\" content=\"1\u00a0Minute\" \/>\n<script type=\"application\/ld+json\" class=\"yoast-schema-graph\">{\"@context\":\"https:\/\/schema.org\",\"@graph\":[{\"@type\":\"WebPage\",\"@id\":\"https:\/\/www.dimali.at\/?page_id=237\",\"url\":\"https:\/\/www.dimali.at\/?page_id=237\",\"name\":\"Aktuelles - Marion Dimali\",\"isPartOf\":{\"@id\":\"https:\/\/www.dimali.at\/#website\"},\"datePublished\":\"2011-02-20T22:18:04+00:00\",\"dateModified\":\"2023-05-30T21:55:23+00:00\",\"description\":\"Folgende Produktionen unter der Regie von Marion Dimali sind derzeit live zu erleben.\",\"breadcrumb\":{\"@id\":\"https:\/\/www.dimali.at\/?page_id=237#breadcrumb\"},\"inLanguage\":\"de\",\"potentialAction\":[{\"@type\":\"ReadAction\",\"target\":[\"https:\/\/www.dimali.at\/?page_id=237\"]}]},{\"@type\":\"BreadcrumbList\",\"@id\":\"https:\/\/www.dimali.at\/?page_id=237#breadcrumb\",\"itemListElement\":[{\"@type\":\"ListItem\",\"position\":1,\"name\":\"Startseite\",\"item\":\"https:\/\/www.dimali.at\/\"},{\"@type\":\"ListItem\",\"position\":2,\"name\":\"Aktuelles\"}]},{\"@type\":\"WebSite\",\"@id\":\"https:\/\/www.dimali.at\/#website\",\"url\":\"https:\/\/www.dimali.at\/\",\"name\":\"Marion Dimali\",\"description\":\"Schauspielerin, Regisseurin, S\u00e4ngerin, Autorin, Moderatorin und Coach\",\"publisher\":{\"@id\":\"https:\/\/www.dimali.at\/#\/schema\/person\/38cc8838c46d85484de5ef62a654f9da\"},\"potentialAction\":[{\"@type\":\"SearchAction\",\"target\":{\"@type\":\"EntryPoint\",\"urlTemplate\":\"https:\/\/www.dimali.at\/?s={search_term_string}\"},\"query-input\":{\"@type\":\"PropertyValueSpecification\",\"valueRequired\":true,\"valueName\":\"search_term_string\"}}],\"inLanguage\":\"de\"},{\"@type\":[\"Person\",\"Organization\"],\"@id\":\"https:\/\/www.dimali.at\/#\/schema\/person\/38cc8838c46d85484de5ef62a654f9da\",\"name\":\"admin\",\"logo\":{\"@id\":\"https:\/\/www.dimali.at\/#\/schema\/person\/image\/\"}}]}<\/script>\n<!-- \/ Yoast SEO plugin. -->","yoast_head_json":{"title":"Aktuelles - Marion Dimali","description":"Folgende Produktionen unter der Regie von Marion Dimali sind derzeit live zu erleben.","robots":{"index":"index","follow":"follow","max-snippet":"max-snippet:-1","max-image-preview":"max-image-preview:large","max-video-preview":"max-video-preview:-1"},"canonical":"https:\/\/www.dimali.at\/?page_id=237","og_locale":"de_DE","og_type":"article","og_title":"Marion Dimali - Regisseurin","og_description":"Marion Dimali ist eine der gefragtesten Regisseurinnen \u00d6sterreichs f\u00fcr Kabarett und Comedy. Dar\u00fcber hinaus arbeitet sie auch immer wieder im Bereich Musiktheater - von Musical, \u00fcber Operette bis hin zur Oper.","og_url":"https:\/\/www.dimali.at\/?page_id=237","og_site_name":"Marion Dimali","article_modified_time":"2023-05-30T21:55:23+00:00","og_image":[{"width":702,"height":468,"url":"https:\/\/www.dimali.at\/wp-content\/uploads\/2011\/02\/Marion1aklein1.jpg","type":"image\/jpeg"}],"twitter_card":"summary_large_image","twitter_misc":{"Gesch\u00e4tzte Lesezeit":"1\u00a0Minute"},"schema":{"@context":"https:\/\/schema.org","@graph":[{"@type":"WebPage","@id":"https:\/\/www.dimali.at\/?page_id=237","url":"https:\/\/www.dimali.at\/?page_id=237","name":"Aktuelles - Marion Dimali","isPartOf":{"@id":"https:\/\/www.dimali.at\/#website"},"datePublished":"2011-02-20T22:18:04+00:00","dateModified":"2023-05-30T21:55:23+00:00","description":"Folgende Produktionen unter der Regie von Marion Dimali sind derzeit live zu erleben.","breadcrumb":{"@id":"https:\/\/www.dimali.at\/?page_id=237#breadcrumb"},"inLanguage":"de","potentialAction":[{"@type":"ReadAction","target":["https:\/\/www.dimali.at\/?page_id=237"]}]},{"@type":"BreadcrumbList","@id":"https:\/\/www.dimali.at\/?page_id=237#breadcrumb","itemListElement":[{"@type":"ListItem","position":1,"name":"Startseite","item":"https:\/\/www.dimali.at\/"},{"@type":"ListItem","position":2,"name":"Aktuelles"}]},{"@type":"WebSite","@id":"https:\/\/www.dimali.at\/#website","url":"https:\/\/www.dimali.at\/","name":"Marion Dimali","description":"Schauspielerin, Regisseurin, S\u00e4ngerin, Autorin, Moderatorin und Coach","publisher":{"@id":"https:\/\/www.dimali.at\/#\/schema\/person\/38cc8838c46d85484de5ef62a654f9da"},"potentialAction":[{"@type":"SearchAction","target":{"@type":"EntryPoint","urlTemplate":"https:\/\/www.dimali.at\/?s={search_term_string}"},"query-input":{"@type":"PropertyValueSpecification","valueRequired":true,"valueName":"search_term_string"}}],"inLanguage":"de"},{"@type":["Person","Organization"],"@id":"https:\/\/www.dimali.at\/#\/schema\/person\/38cc8838c46d85484de5ef62a654f9da","name":"admin","logo":{"@id":"https:\/\/www.dimali.at\/#\/schema\/person\/image\/"}}]}},"_links":{"self":[{"href":"https:\/\/www.dimali.at\/index.php?rest_route=\/wp\/v2\/pages\/237"}],"collection":[{"href":"https:\/\/www.dimali.at\/index.php?rest_route=\/wp\/v2\/pages"}],"about":[{"href":"https:\/\/www.dimali.at\/index.php?rest_route=\/wp\/v2\/types\/page"}],"author":[{"embeddable":true,"href":"https:\/\/www.dimali.at\/index.php?rest_route=\/wp\/v2\/users\/1"}],"replies":[{"embeddable":true,"href":"https:\/\/www.dimali.at\/index.php?rest_route=%2Fwp%2Fv2%2Fcomments&post=237"}],"version-history":[{"count":122,"href":"https:\/\/www.dimali.at\/index.php?rest_route=\/wp\/v2\/pages\/237\/revisions"}],"predecessor-version":[{"id":1661,"href":"https:\/\/www.dimali.at\/index.php?rest_route=\/wp\/v2\/pages\/237\/revisions\/1661"}],"wp:attachment":[{"href":"https:\/\/www.dimali.at\/index.php?rest_route=%2Fwp%2Fv2%2Fmedia&parent=237"}],"curies":[{"name":"wp","href":"https:\/\/api.w.org\/{rel}","templated":true}]}}